
List the prime factors of 105770072.
2, 2927, 4517
List the prime factors of 48715656.
2, 3, 11, 23, 71, 113
List the prime factors of 1547912456.
2, 193489057
List the prime factors of 163473336.
2, 3, 13, 58217
What are the prime factors of 56730032?
2, 29, 122263
What are the prime factors of 37201608?
2, 3, 516689
List the prime factors of 60887078.
2, 7, 251, 17327
What are the prime factors of 2148422282?
2, 1074211141
What are the prime factors of 839952890?
2, 5, 7, 1303, 9209
What are the prime factors of 2454347037?
3, 89, 349, 26339
What are the prime factors of 522494212?
2, 31, 1567, 2689
What are the prime factors of 51000942?
2, 3, 8500157
What are the prime factors of 131841711?
3, 14649079
What are the prime factors of 929730881?
563, 1651387
What are the prime factors of 5280815381?
5280815381
List the prime factors of 37786711.
37786711
List the prime factors of 809215160.
2, 5, 13, 37, 137, 307
List the prime factors of 115070431.
7, 173, 95021
What are the prime factors of 829612795?
5, 11, 15083869
What are the prime factors of 3095592119?
19, 71, 2294731
List the prime factors of 1603344735.
3, 5, 19, 661, 2837
What are the prime factors of 885241401?
3, 11, 26825497
What are the prime factors of 529585660?
2, 5, 47, 11987
What are the prime factors of 181473517?
97, 1870861
List the prime factors of 10491602.
2, 11, 476891
What are the prime factors of 1296800629?
313, 659, 6287
List the prime factors of 362164764.
2, 3, 13, 149, 15581
What are the prime factors of 2971370207?
13, 23, 61, 101, 1613
What are the prime factors of 145689557?
13, 67, 167267
List the prime factors of 1633701426.
2, 3, 7, 31, 853, 1471
List the prime factors of 876116105.
5, 175223221
List the prime factors of 5434256315.
5, 349, 557, 5591
List the prime factors of 386109491.
17, 1336019
What are the prime factors of 1212492504?
2, 3, 751, 67271
What are the prime factors of 473773121?
473773121
List the prime factors of 127169742.
2, 3, 7, 3027851
List the prime factors of 968662490.
2, 5, 2657, 36457
List the prime factors of 1555596997.
1555596997
What are the prime factors of 340878713?
7, 17, 2864527
What are the prime factors of 102741120?
2, 3, 5, 17837
What are the prime factors of 1140432?
2, 3, 23, 1033
List the prime factors of 643343422.
2, 321671711
What are the prime factors of 3464518775?
5, 138580751
List the prime factors of 16229134.
2, 8114567
What are the prime factors of 29363080?
2, 5, 17, 29, 1489
What are the prime factors of 165638469?
3, 55212823
List the prime factors of 209656670.
2, 5, 751, 27917
What are the prime factors of 237477144?
2, 3, 599, 16519
List the prime factors of 470666042.
2, 7, 11, 79, 3517
What are the prime factors of 119532191?
113, 1057807
List the prime factors of 125244650.
2, 5, 31, 80803
List the prime factors of 24597800.
2, 5, 29, 4241
List the prime factors of 2544942375.
3, 5, 754057
List the prime factors of 148006928.
2, 59, 83, 1889
What are the prime factors of 49706337?
3, 19, 872041
List the prime factors of 4617247584.
2, 3, 48096329
List the prime factors of 1417149939.
3, 3319, 142327
What are the prime factors of 4237848788?
2, 257, 4122421
List the prime factors of 2926052897.
33329, 87793
What are the prime factors of 110076128?
2, 71, 48449
What are the prime factors of 38489179?
2389, 16111
List the prime factors of 69487157.
617, 112621
List the prime factors of 322685039.
73, 613, 7211
List the prime factors of 1258160852.
2, 13, 53, 456517
List the prime factors of 1636188370.
2, 5, 31, 149, 35423
What are the prime factors of 210892176?
2, 3, 11, 29, 4591
List the prime factors of 512944055.
5, 13, 139, 56773
What are the prime factors of 239155971?
3, 5651, 14107
What are the prime factors of 16072804?
2, 11, 365291
List the prime factors of 15843918.
2, 3, 23, 29, 37, 107
What are the prime factors of 854901924?
2, 3, 547, 130241
List the prime factors of 4760660904.
2, 3, 198360871
What are the prime factors of 1962998500?
2, 5, 17, 230941
What are the prime factors of 18120156?
2, 3, 1510013
What are the prime factors of 1089874841?
11, 191, 518741
What are the prime factors of 528621360?
2, 3, 5, 43, 181, 283
List the prime factors of 1199962797.
3, 11, 109, 271, 1231
List the prime factors of 837833526.
2, 3, 67, 694721
What are the prime factors of 8348871?
3, 41, 103, 659
What are the prime factors of 140062545?
3, 5, 7, 73, 6091
List the prime factors of 39834326.
2, 7, 2845309
List the prime factors of 61706781.
3, 643, 10663
List the prime factors of 3964995.
3, 5, 17, 71, 73
List the prime factors of 1773515639.
7, 41, 647, 9551
List the prime factors of 78253691.
78253691
List the prime factors of 8330824575.
3, 5, 449, 82463
What are the prime factors of 1728385908?
2, 3, 2131, 67589
List the prime factors of 3425295210.
2, 3, 5, 114176507
What are the prime factors of 255468432?
2, 3, 5322259
List the prime factors of 46786720.
2, 5, 17, 103, 167
List the prime factors of 36794228.
2, 9198557
What are the prime factors of 3557692114?
2, 1778846057
List the prime factors of 109319425.
5, 4372777
What are the prime factors of 39744516?
2, 3, 7, 47, 10067
What are the prime factors of 124418334?
2, 3, 479, 43291
What are the prime factors of 7705714921?
63421, 121501
List the prime factors of 5925872381.
11, 13, 37, 811, 1381
What are the prime factors of 59195860?
2, 5, 2959793
List the prime factors of 977942656.
2, 7640177
List the prime factors of 31839768.
2, 3, 163, 2713
What are the prime factors of 1088558183?
653, 727, 2293
List the prime factors of 108409298.
2, 89, 227, 2683
List the prime factors of 506930304.
2, 3, 23, 57397
What are the prime factors of 95832841?
13, 179, 41183
List the prime factors of 104478718.
2, 557, 93787
What are the prime factors of 3100351278?
2, 3, 516725213
What are the prime factors of 1235375388?
2, 3, 13, 37, 7927
List the prime factors of 1134102046.
2, 7, 11, 7364299
What are the prime factors of 38670968?
2, 7, 690553
What are the prime factors of 572308611?
3, 7, 27252791
List the prime factors of 48447866.
2, 24223933
What are the prime factors of 33127148?
2, 61, 137, 991
What are the prime factors of 165240150?
2, 3, 5, 19, 37, 1567
What are the prime factors of 1019026632?
2, 3, 13, 977, 3343
What are the prime factors of 148064570?
2, 5, 23, 47, 13697
List the prime factors of 26677201.
26677201
List the prime factors of 77546080.
2, 5, 37, 13099
List the prime factors of 63700503.
3, 139, 173, 883
What are the prime factors of 419955477?
3, 131, 1068589
What are the prime factors of 25795404?
2, 3, 83, 89, 97
List the prime factors of 25176280.
2, 5, 37, 17011
What are the prime factors of 934140754?
2, 11593, 40289
List the prime factors of 126947564.
2, 47, 675253
What are the prime factors of 214721448?
2, 3, 8946727
List the prime factors of 3603641870.
2, 5, 11047, 32621
What are the prime factors of 1676411749?
1676411749
What are the prime factors of 688384214?
2, 7, 4133, 11897
List the prime factors of 971950199.
11, 43, 53, 137, 283
List the prime factors of 25171353.
3, 2796817
What are the prime factors of 1207182433?
3547, 340339
List the prime factors of 201527009.
201527009
What are the prime factors of 13843211?
2287, 6053
List the prime factors of 485692562.
2, 31, 37, 211723
What are the prime factors of 289554625?
5, 17, 136261
What are the prime factors of 41789118?
2, 3, 7, 907, 1097
What are the prime factors of 511703550?
2, 3, 5, 29, 113, 347
What are the prime factors of 282806541?
3, 151, 208099
List the prime factors of 1002513294.
2, 3, 18565061
List the prime factors of 382993164.
2, 3, 3546233
List the prime factors of 32407083.
3, 17, 211811
List the prime factors of 45677469.
3, 349, 43627
What are the prime factors of 559044324?
2, 3, 15529009
What are the prime factors of 931203435?
3, 5, 62080229
List the prime factors of 1456923083.
7, 11, 29, 652451
What are the prime factors of 1219183765?
5, 163, 173, 8647
List the prime factors of 23849629.
29, 53, 59, 263
List the prime factors of 2159629837.
47, 733, 62687
What are the prime factors of 388247020?
2, 5, 7, 17, 163129
List the prime factors of 33336493.
223, 149491
List the prime factors of 3948110739.
3, 